-8)). Determine b(m).
10
Let y(a) be the third derivative of 0*a - 2*a**2 - 5/24*a**4 - 1/30*a**5 - 1/2*a**3 + 0. What is y(-3)?
-6
Suppose -2*a = -2*w - 3*a + 3, 3*w - 3*a - 9 = 0. Let o(f) = -3*f**3 + 3*f - 1. What is o(w)?
-19
Let g(l) be the first derivative of 3*l**2/2 + 6*l + 5. Let t = -33 + 23. Let d = t - -6. Determine g(d).
-6
Let q(u) = -u - 3. Suppose -4*n + 3 + 5 = -2*k, -2*k = 4. Let y(p) = -1. Let r(h) = n*q(h) + y(h). Give r(-5).
1
Let y = 0 + 1. Let d(h) = -3 - 4*h + 3 - y. Suppose 0 = 3*v + 2 + 1. Determine d(v).
3
Let x(q) = -1 - 4*q + 4*q + q. Suppose 0 = -c + 3*c - 4. Suppose -3*m = -2*m - c. Calculate x(m).
1
Suppose 0 = 7*s + 24 - 87. Let r(l) = -l + 9. Determine r(s).
0
Let b(n) be the third derivative of n**6/120 - n**5/30 - n**4/8 + n**3/2 + 13*n**2. Determine b(2).
-3
Let k = 14 - 9. Let d(h) = k*h - 4 + 6 + 0 - 4*h. What is d(3)?
5
Let v(c) = 2 + 3 - 4*c + c**2 - 3. Let h = -18 + 12. Let u = h - -9. Give v(u).
-1
Let r = 2 - -3. Let a(h) be the first derivative of -2*h**2 + 2*h + 3 + 2*h**3 - 1/4*h**4. What is a(r)?
7
Let c(j) = -j + 1. Let y(p) = 3*p - 2. Let d(b) = -4*c(b) - y(b). What is d(-4)?
-6
Let o = 135 + -140. Let m(a) = -a - 4. What is m(o)?
1
Let n(z) = -z**3 - z**2 + z + 2. Let k be n(0). Let f(a) = -a**2 + 2*a. Give f(k).
0
Let q(y) = y**2 - y - 20 + 33 - 28. Determine q(0).
-15
Let x = 0 + 3. Let j(b) be the second derivative of -b**4/12 + 2*b**3/3 + b**2/2 + 10*b. Calculate j(x).
4
Let s be ((-10)/(-4))/((-2)/4). Let d(q) be the third derivative of q**4/24 + q**3/3 - 2*q**2. What is d(s)?
-3
Let a(j) be the third derivative of -j**6/10 - j**4/12 - j**3/6 + 25*j**2. Determine a(-1).
13
Suppose 0*j = -j + 11. Suppose -1 + j = 5*q. Let c be ((-6)/(-2))/(2/q). Let u(v) = v - 1. What is u(c)?
2
Let i(u) = u**2 - 5*u. Suppose 0 = -4*d - 1 + 17. Give i(d).
-4
Let d(w) = w**2 + 2*w + 2. Suppose h + k = 4*k + 16, 0 = -3*k - 9. Let a(t) = t**3 - 8*t**2 + 7*t - 3. Let o be a(h). Calculate d(o).
5
Let m(v) = -3*v - 1. Suppose 0 = -2*z + 2*o - 2, -o = 4*z + 3*o + 4. Determine m(z).
2
Suppose -m + 2*m + 3*x - 15 = 0, -4 = -x. Let f(t) = -t**3 + 4*t**2 - 3*t - 4. Determine f(m).
-4
Let x(p) = -9*p - 3. Suppose 8 + 2 = -2*l - 3*u, -2*l = -2*u. Give x(l).
15
Let k(r) = r + 2 - 6 + 2. Let y = 6 + -8. Give k(y).
-4
Let r(m) = -m**2 + m + 0*m + 2*m - 1 + 0*m. Suppose 0 = 2*i + 3*k + 2*k + 11, 0 = 3*k + 3. Let f be 8*(i/(-2) + -1). Calculate r(f).
-5
Let z(m) = 5*m**2 + 1. Let a = 9 - 12. Let p be a/3 + (-2 - -2). What is z(p)?
6
Let a = 18 + -27. Let b(r) = r**2 + 9*r + 5. What is b(a)?
5
Let m = -7 + 7. Let k(n) be the third derivative of n**6/360 + n**4/3 + n**3/2 + 4*n**2. Let t(p) be the first derivative of k(p). Give t(m).
8
Let x(l) = 7*l**2 - 10*l - 7. Let p(c) = -3*c**2 + 5*c + 3. Let o(q) = 5*p(q) + 2*x(q). Give o(6).
-5
Let y(p) = -2*p + 5. Suppose -6*n = -o - 2*n - 7, -4*o + 2*n = -14. What is y(o)?
-5
Let f(y) = -y**2 + y + 4. Suppose -x + 5*w - 10 = 0, -4*x + 13 + 19 = 4*w. Determine f(x).
-16
Let r(g) be the first derivative of g**5/20 - g**4/4 + g**3/2 - 3*g**2/2 + 3*g - 5. Let z(p) be the first derivative of r(p). Calculate z(2).
-1
Suppose 3*c - 31 = 4*b, 2*b + 0*c = -5*c - 9. Let t(a) = 2*a + 8. What is t(b)?
-6
Let i(p) = 50*p - 55. Let a(u) = -u + 1. Let n(t) = 110*a(t) + 2*i(t). Give n(2).
-20
Let a(x) = -x - 3 - 2*x**3 + x**3 - 3 + 17. Calculate a(0).
11
Let l = 14 - 10. Suppose 0 = l*b - d + 21, -5*b - d - 33 = -0. Let y(r) = -r**2 - 5*r - 3. Determine y(b).
-9
Let h(a) = -12*a + 10 + 3*a - 7*a. Let o(z) = -11*z + 7. Let x(g) = -5*h(g) + 7*o(g). What is x(1)?
2
Let b = 10 - 17. Let q be 23/(-7) - 2/b. Let n(m) = -3*m - 2. Let k(d) = d + 1. Let v(p) = -2*k(p) - n(p). Determine v(q).
-3
Let x(y) = 3*y - 3. Let a be x(2). Suppose a*n - 1 = 2. Let r(g) = -g + 1. Calculate r(n).
0
Let m(h) = -8*h - 3. Let z(j) = 23*j + 9. Let o(t) = 11*m(t) + 4*z(t). Let x(d) = -7*d - 5. Suppose -3*i - 6 = 3. Let q(p) = i*x(p) - 5*o(p). What is q(-1)?
-1
Let t(m) = -m**3 - 3*m**2 + 4*m + 4. Suppose -y + 5*y = -12. Calculate t(y).
-8
Let z(a) = -a**3 + 6*a**2 - 5*a. Let d be z(5). Let j = d + 0. Let b = -5 - j. Let y(q) = -q**3 - 5*q**2 + 2*q + 7. Determine y(b).
-3
Let h(o) = 7*o**2 - 13*o + 5. Let q(l) = 3*l**2 - 6*l + 2. Let s(k) = -2*h(k) + 5*q(k). Calculate s(6).
12
Let v(c) = c - 4. Let j(a) = -a - 1. Let t(d) = 3*j(d) - v(d). Determine t(1).
-3
Suppose -4*w - 46 = 3*g, 0 = 2*g - g + 2. Let q(i) = i + 15. Determine q(w).
5
Let b(z) = 6*z**2 + 5 - 8 + z - z**3 + 5*z**3 - 3*z**3. Calculate b(-6).
-9
Let p(s) = s + 6. Suppose -3*q - 9 = 9. Determine p(q).
0
Let c(v) = 7*v**2 - 1. Let p(k) = -k - 5. Let b be p(0). Let i = 4 + b. Determine c(i).
6
Let d be -1 + 1 - 1*3. Let c(w) = -6*w + 2*w**2 + w**3 + 1 + 2 + 3*w. Give c(d).
3
Let w(f) = -f**2 - 9*f + 11. Let j be w(-10). Suppose -3*b = -4*m + 16 + j, -5*m = 4*b - 29. Let c(s) = 4*s**2 + 0*s + 3*s**2 + 0*s - b. Give c(-1).
6
Let x(b) = b + 2. Let w = 0 + 0. Give x(w).
2
Let h(v) = -v**3 - 3*v**2 + 3*v - 4. Let g(q) = q**2 + 4*q - 4. Suppose 2*f - 3*f = 8. Let r be 19/(-4) - 6/f. Let z be g(r). Calculate h(z).
0
Let j(n) = -7*n**3 + 15*n**2 + 12*n - 12. Let p(w) = 3*w**3 - 7*w**2 - 6*w + 6. Let z(y) = 2*j(y) + 5*p(y). Calculate z(6).
6
Let u(x) = -x + 4. Let r be u(4). Let g = -1 + r. Let w(f) = -3*f**3 - 4*f**2 - 6. Let v(k) = -k**3 - k**2 - 1. Let y(z) = 5*v(z) - w(z). Give y(g).
2
Let s be 90/21 + 2/(-7). Let t(f) = -3*f + 1 - s*f + 2*f + 2*f. Calculate t(3).
-8
Suppose 45 = 2*c - 5*c. Let u = c - -16. Let s(n) = 7*n + 1. Give s(u).
8
Suppose t = -4*t - 60. Let a(y) = y + 15. Let w be a(t). Let z(b) be the first derivative of b**2/2 - b + 1. What is z(w)?
2
Let n(v) = v + 10. Let c be -1 + (-1)/(1/6). Let u be n(c). Let r(f) = -2*f - 6. Let y(t) = t. Let d(m) = u*y(m) + r(m). What is d(5)?
-1
Let x(o) = 2*o + 8. Suppose -4*z = -z + 18. What is x(z)?
-4
Let b(i) = 3*i**2 + 4*i + 2. Let f be 1/(-2) + (-2)/(-4). Suppose 4*t + 8 = 0, -3*t + 12 = 3*s - 6*t. Suppose s*v + 4 + 0 = f. What is b(v)?
6
Let d(s) = -s**3 + s - 3. Let a(l) = -2*l**3 - l**2 + 3*l - 6. Let c(f) = 6*a(f) - 13*d(f). Let n = 6 - 4. Let x be (1/n)/((-2)/(-20)). Give c(x).
3
Let b(o) be the first derivative of o**2 - 1. Suppose -j = 5*f + 6, 0*j = -3*j + 4*f + 20. Let g be 12/9 + j/6. What is b(g)?
4
Let a(z) = -z - 8. Suppose 8*y - 3*y + u = 23, -4*y = -5*u - 1. Suppose -n = -y*n. What is a(n)?
-8
Let l(f) = f**2 - 3*f + 2. Let q be l(3). Let h(j) = 4*j - q*j + j + 5 - 2*j. Calculate h(-6).
-1
Let j(y) = y**2 + y + 12. Let l = 26 - 26. What is j(l)?
12
Let g = -7 - -11. Let p(v) = 3*v**3 + g + 0*v**3 - 8*v**2 + 3*v**2 - 4*v**3. Determine p(-4).
-12
Let p(g) = g - 7. Let w be p(5). Let u be 4/14 - w/(-7). Let i(z) = 1. Let h(c) = -c + 1. Let x(s) = -h(s) - i(s). What is x(u)?
-2
Let u(y) = 1 + y + 3*y**2 - 4*y**2 + 2. Suppose -2*l + 17 = 3*f, 0*l - 31 = -5*f - 4*l. Calculate u(f).
-3
Let j(b) = -b**3 + 3*b**2 + 2*b + 2. Let g(y) = -y**2 - 4*y - 2. Let n be g(-3). Suppose 8 = d + 4*p, -2 - n = -3*p. What is j(d)?
-6
Suppose 4 + 0 = -z. Let j be (-2)/8 - (-34)/8. Let r(n) = -n**2 - 2*n**2 - 2 + 6*n**2 + j*n - 2*n**2. Give r(z).
-2
Suppose 2*z + 0*z = f - 8, 0 = -5*f + 5*z + 35. Let g(i) = -4 - 1 + i + f - 7*i. Determine g(1).
-5
Suppose 0 = -5*r + 3*n - 1 - 14, -15 = 2*r - 3*n. Let j = r + 4. Let b(v) = -v**2 + 6*v - 2. Give b(j).
6
Suppose 4*s = 5*s - 1. Let t(v) = -3*v**3 - 2*v**3 - s + 0 + 2*v**2. What is t(1)?
-4
Let u(h) = h + 2. Let k(v) = -2*v**2 - 4*v. Let n(z) = -k(z) - u(z). Let f(a) = -a**2 + 3*a + 7. Let j be f(5). Determine n(j).
7
Let d = -3 + 5. Let r(u) = -6*u + 0 + 1 + d. Give r(2).
-9
Let d(f) = f**3 + 6*f**2 - 5*f + 9. Let l be d(-7). Let i(h) = -h**3 - 4*h**2 + 8*h + 7. Determine i(l).
-8
Let j(k) be the second derivative of k**5/20 - k**3/2 + k**2/2 + 8*k. Calculate j(2).
3
Let z(m) = -m**2 - 2*m + 4. Let q(f) = 5*f**2 + 8*f - 17. Let d(y) = 4*q(y) + 18*z(y). Give d(3).
10
Let k(a) = a**2 - 5*a - 8. Let r be k(7). Let c(h) = -h**3 + 7*h**2 + h - 2. Let g(o) = o - 1. Let d(f) = c(f) - 6*g(f). What is d(r)?
10
Let c(h) = -h - 1. Let l(t) = -6*t - 5. Let f(q) = 4*c(q) - l(q). Give f(-5).
-9
Let h be 18/99 - 20/(-11). Let r(t) = -9*t + 0*t**3 + 7*t + 5*t**h - 7 + t**3. Determine r(